 is the tens digit of g?
2
Let d be (-4)/18 + 266/63. Suppose -d*o - 2*t = 42 - 152, -4*t = -5*o + 170. What is the tens digit of o?
3
Let k be (6 + 1)/(1/3). Suppose -12 = -o + m - 3*m, -3*o = 3*m - k. What is the units digit of (-50)/(-6) + o/(-6)?
8
Suppose 4*v - a = 4*a + 73, 3*a = -2*v + 31. What is the tens digit of -4 + v + (-6)/2?
1
Let p be (-2)/((-2)/7) + 1. Let r be p/36 - 86/(-18). Suppose -v - 5*o - 8 = -3*v, v - 2*o - r = 0. What is the units digit of v?
9
Let v be 24/9 + 4/(-6). Suppose 3*r - v*g - 38 = 0, -g - 15 - 10 = -2*r. What is the tens digit of r - (-1 - (1 + -2))?
1
Suppose 0 = 5*f - w - 373, -4*w + 1 + 7 = 0. Let n = f + -54. What is the tens digit of n?
2
Suppose -4*x + 56 = -0*x. Let y = 2 + x. What is the tens digit of y?
1
Let q = 36 - 0. Suppose -5*y = -q - 19. What is the tens digit of y?
1
Let w = 8 - 11. Suppose 0 = -5*x - 4*g - 120, 6*x + 48 = 5*x + 4*g. What is the tens digit of w/(90/x - -3)?
1
Suppose 2*c - 26 = 5*x, 5*x + 1 = 4*c - 31. What is the units digit of 23 + (3 + x - 0)?
2
Let m = 10 + -5. Suppose 2*c - x = c + 25, 4*c - 64 = -m*x. What is the tens digit of c?
2
What is the tens digit of (-11)/(-11) + (-236)/(-1)?
3
Let j = -232 - -473. What is the tens digit of j?
4
Let i = -8 + 13. Suppose i*k - 10 = -0. What is the units digit of k?
2
What is the units digit of 42/9 - 3/(-9)?
5
Suppose 5*m + 2*l = 682, -3*m - 38 + 441 = -5*l. What is the tens digit of m?
3
Let v = 15 + -10. Suppose -v*l + 86 = -149. What is the units digit of l?
7
Let r(d) = -d**2 - 9*d + 3. Let p be r(-9). Suppose p*a + 5*h - 29 = -0*a, -20 = -5*h. Suppose -3*q = 0, 0 = -5*i + a*q - 1 + 6. What is the units digit of i?
1
Suppose -10*g = -1751 + 361. What is the units digit of g?
9
Suppose 4*y - 1359 = -5*y. What is the hundreds digit of y?
1
What is the hundreds digit of (4/7 - (-88)/(-56)) + 137?
1
Let d = -45 + 89. Suppose -t - 15 + d = 0. What is the units digit of t?
9
Suppose 0*b - 5*b = 170. Let t be 4/(-6) - b/6. Suppose 4*x - 8 = 5*p, -3*x + 3 = -t*p + 2. What is the units digit of x?
7
Suppose -2*n + 2*r + 218 = 0, 2*n - 2*r = -4*r + 226. What is the hundreds digit of n?
1
Let l(h) = 3*h - 3*h + 2*h - h + 1606. Let z be l(0). What is the units digit of (-4)/18 - z/(-99)?
6
Let f = -57 - -85. Let w = -7 + f. Suppose -6*b + 3*b + w = 0. What is the units digit of b?
7
Let i(o) = o + 1. Let t be i(5). What is the units digit of 1 - t*(-6)/4?
0
Let x be ((-3)/2)/((-3)/2). Suppose d - 4 + x = 0. Let m = 3 + d. What is the units digit of m?
6
Let l(j) = -j**2 + 5*j + 4. Suppose -19 = -z + 4*p + 4, 3*z + 3*p = -6. What is the units digit of l(z)?
0
Suppose 3*u - 15 = -3*d, 2*u = -5*d + 8 + 2. Suppose -3*i + 6 + 3 = d. What is the units digit of i?
3
Let l(a) = -4*a**2 + 12*a - 6. Let r(g) = g**2 - 1. Let k(v) = l(v) + 3*r(v). What is the units digit of k(11)?
2
Let m(v) = 4*v + 3 - v - 1 - 4*v. What is the units digit of m(-6)?
8
What is the units digit of 35*2*(-7)/(-14)?
5
Suppose 0*v + 4*v = 76. Let g = v + 15. What is the units digit of g?
4
Let i = 48 - 10. Suppose -5*y + 158 - 23 = 4*o, y - i = -3*o. What is the tens digit of y?
2
Suppose -i - 1824 = -9*i. What is the hundreds digit of i?
2
Let a = 13 - 33. What is the tens digit of (a/3)/(2/(-6))?
2
Suppose 15 = y + 3*t, 3*t - t - 10 = -y. Suppose 0 = w + 3*w + b, -4*w + 3*b - 16 = y. Let u(x) = -6*x + 1. What is the units digit of u(w)?
7
Let j = 28 - 23. Suppose 0*n - 2*u = -2*n + 24, u - 2 = -n. Suppose f + n = -2*s + 20, -60 = -5*f - j*s. What is the tens digit of f?
1
Suppose -5*m - 13 + 3 = 0. What is the units digit of (m + -1 - -4)*8?
8
Suppose 106 = 3*d - 68. What is the tens digit of d?
5
Let o(q) = 6*q**3 - q**2 + q - 1. Let n be o(-2). Let a = -33 - n. Let c = a - 10. What is the tens digit of c?
1
Let b(f) = f**3 - 2*f**2 - 9*f + 12. What is the units digit of b(5)?
2
Let z = 183 - -25. What is the hundreds digit of z?
2
Suppose p + 10 = -r, 3*r - 5*p - 2 = 8. Let x(m) = m**2 + m - 4. What is the tens digit of x(r)?
1
Suppose -5*n + 2*f = -299, -173 - 61 = -4*n - f. Let d = n - 35. Suppose -6*a = -2*a - d. What is the units digit of a?
6
Let c(u) = u**2 + 6*u - 1. Let t be c(-6). Let w(z) = -31*z - 1. What is the units digit of w(t)?
0
Let c = 1 + 8. Let x(q) = -q + 1. Let r be x(4). Let j = c + r. What is the units digit of j?
6
Let y(a) = 7*a - 7. Let j = -13 + 20. What is the tens digit of y(j)?
4
Suppose -3*d - 27 = -1215. What is the hundreds digit of d?
3
Suppose -3*n - 45 + 159 = 0. What is the units digit of n?
8
Suppose -60 + 237 = 3*t. What is the tens digit of t?
5
Let u(p) = -2*p - 3. What is the units digit of u(-5)?
7
Suppose -3*r - 4*k - 10 = k, -2*r = 4*k + 4. Let y = r + 14. What is the units digit of y?
4
Let b = -3 - 1. Let o = b + -3. Let i = o + 11. What is the units digit of i?
4
Suppose -3*c - 13 = -5*k, -3*k + c + 10 = -3*c. Let d be (1 + -11)*k/(-4). Let y(g) = 2*g + 4. What is the tens digit of y(d)?
1
Suppose 2*v - 4*u + 3*u - 791 = 0, 797 = 2*v - 3*u. What is the hundreds digit of v?
3
Let z(m) = m**2 - 1. What is the units digit of z(10)?
9
Suppose 0 = -3*b + b. Suppose z = -y + 10, 2 = y - b*z - z. What is the units digit of y?
6
Let r(l) = l**3 + 5*l**2 - 6*l + 2. Let v be r(-6). Suppose -4*t = -v*t - 70. What is the units digit of t?
5
Suppose -6 = -2*b + 4*i, 4*b + i = -b + 15. Suppose 0*t + 24 = b*t. Let s = 15 - t. What is the units digit of s?
7
Let f be ((-50)/(-4))/(1/6). Suppose -4*x + 1 + 19 = -4*z, -5*x - 5*z = -f. What is the units digit of x?
0
Let j(l) = -l**2 + 8*l - 3. Let d be j(6). Let c = 1 - -12. Suppose 0 = 5*m + 4*p - c, 6*m = 3*m - 3*p + d. What is the units digit of m?
1
Let j = 9 + -6. Suppose 2*s - j = -s. What is the units digit of s?
1
Let b be (2/(-6))/(5/345). What is the units digit of (b/3)/(5/(-15))?
3
Let m(l) be the second derivative of l**4/6 - l**3/2 - 3*l**2/2 - 2*l. Let i(u) be the first derivative of m(u). What is the units digit of i(2)?
5
Suppose 0 = -3*r + r + 24. Suppose -j + 5*n - 4*n = -3, -2*j = 4*n + r. Suppose -3*m + j*m + 12 = 0. What is the units digit of m?
4
Let u = 3 - 8. Suppose 0 = -2*s + 5*z - 61, z + 3*z = 2*s + 60. What is the units digit of s/u - (-4)/10?
6
Let g(i) be the third derivative of i**6/120 + i**5/20 - i**4/24 + i**3/3 + 2*i**2. What is the units digit of g(-2)?
8
Let y(a) be the first derivative of a**3/3 + 9*a**2/2 - 3. What is the units digit of y(-13)?
2
Let i = 19 + -2. What is the units digit of i?
7
Let a(t) = -5*t - 11. Let g(p) = -11*p - 22. Let f(i) = -13*a(i) + 6*g(i). Suppose 0 = -5*d + s + 20, -5 - 10 = d - 4*s. What is the units digit of f(d)?
6
Suppose -8 = -4*c + 12. Suppose c*p - 3*p = 14. What is the units digit of p?
7
Let q(j) = 3*j**2 - 18*j - 8. What is the tens digit of q(8)?
4
Let k be (-4)/18 - (-282)/54. Suppose 5*h = u + 4, -4*u + 17 = -2*u - k*h. What is the units digit of u?
1
Let s(u) be the second derivative of u**4/12 + u**2/2 - u. Let o be s(2). Suppose 0*z - 2*z - 14 = -2*h, 4*z = -o*h + 35. What is the units digit of h?
7
Let p = -10 - -7. Let v(z) = -4*z - 2. What is the tens digit of v(p)?
1
Let s(c) = 2*c**2 + 5*c. Let j be s(5). Suppose -5*u = -z + j, 4*z = -5*u + u + 324. Let d = z + -57. What is the units digit of d?
3
Let n = 39 - 16. What is the units digit of n?
3
Let q be 2 - 3/((-9)/6). Let d(v) = -v + 9. Let m be d(4). Suppose q*u = -5*r + 11, u + r - m = -2. What is the units digit of u?
4
Let k(u) = u**2 + u + 23. Let f be k(0). Let v = f + -6. What is the tens digit of v?
1
Let h(u) = u**2 - 4*u - 2. What is the tens digit of h(6)?
1
Let k(h) = 253*h**3 + h**2 + 4*h - 5. What is the tens digit of k(1)?
5
Let y = -3 - -3. Suppose 4*d - 2 - 6 = y. Suppose -d*c - 4*x - 4 + 12 = 0, c = 2*x. What is the units digit of c?
2
Let c(w) = w - 6. Let j be c(6). Let q = j + 16. What is the units digit of q?
6
Suppose -7*t + 4879 = 10*t. What is the hundreds digit of t?
2
Let b(k) = -5*k - 2. Suppose 4*v + 6 = 2. What is the units digit of b(v)?
3
Let z(k) = k. Let b(d) = 3*d - 12. Let c(f) = -b(f) + 4*z(f). Let n be c(-9). Suppose 5*w = n*x + 2*w, 15 = 5*w. What is the units digit of x?
3
What is the units digit of (138/18)/(2/6)?
3
Suppose -7*f = -4*f - 6. Suppose -3*i + 17 + 10 = 3*b, -22 = -3*b - 2*i. Suppose -